{"id":708,"date":"2015-07-29T13:44:44","date_gmt":"2015-07-29T10:44:44","guid":{"rendered":"http:\/\/sddkaknar.com\/?page_id=708"},"modified":"2026-01-20T02:08:43","modified_gmt":"2026-01-19T23:08:43","slug":"home","status":"publish","type":"page","link":"https:\/\/sddkaknar.com\/","title":{"rendered":"ANASAYFA"},"content":{"rendered":"\n<p class=\"wp-block-paragraph\"><style>\/*! elementor - v3.9.1 - 14-12-2022 *\/<br \/>\n.elementor-heading-title{padding:0;margin:0;line-height:1}.elementor-widget-heading .elementor-heading-title[class*=elementor-size-]>a{color:inherit;font-size:inherit;line-height:inherit}.elementor-widget-heading .elementor-heading-title.elementor-size-small{font-size:15px}.elementor-widget-heading .elementor-heading-title.elementor-size-medium{font-size:19px}.elementor-widget-heading .elementor-heading-title.elementor-size-large{font-size:29px}.elementor-widget-heading .elementor-heading-title.elementor-size-xl{font-size:39px}.elementor-widget-heading .elementor-heading-title.elementor-size-xxl{font-size:59px}<\/style><\/p>\n\n\n\n<h1 class=\"wp-block-heading\">MATEMAT\u0130\u011eE DA\u0130R HER\u015eEY<\/h1>\n\n\n\n<figure class=\"wp-block-image aligncenter\"><img loading=\"lazy\" decoding=\"async\" width=\"1200\" height=\"630\" src=\"https:\/\/sddkaknar.com\/wp-content\/uploads\/2024\/06\/Matematik-Odevi.webp\" alt=\"\" class=\"wp-image-25873\" srcset=\"https:\/\/sddkaknar.com\/wp-content\/uploads\/2024\/06\/Matematik-Odevi.webp 1200w, https:\/\/sddkaknar.com\/wp-content\/uploads\/2024\/06\/Matematik-Odevi-300x158.webp 300w, https:\/\/sddkaknar.com\/wp-content\/uploads\/2024\/06\/Matematik-Odevi-1024x538.webp 1024w, https:\/\/sddkaknar.com\/wp-content\/uploads\/2024\/06\/Matematik-Odevi-768x403.webp 768w, https:\/\/sddkaknar.com\/wp-content\/uploads\/2024\/06\/Matematik-Odevi-600x315.webp 600w\" sizes=\"auto, (max-width: 1200px) 100vw, 1200px\" \/><\/figure>\n\n\n\n<p class=\"wp-block-paragraph\"><a href=\"https:\/\/sddkaknar.com\/?page_id=25918\" title=\"\">\u00c7IKMI\u015e LGS SORULARI <\/a><\/p>\n\n\n\n<p class=\"wp-block-paragraph\"><a href=\"https:\/\/sddkaknar.com\/?page_id=26198\" title=\"\">MEB \u00d6RNEK SORULARI<\/a><a role=\"button\" href=\"http:\/\/sddkaknar.com\/?cat=12\"><br><br><\/a><a href=\"https:\/\/sddkaknar.com\/?page_id=25887\" title=\"\">MEB TEMEL E\u011e\u0130T\u0130M K\u0130TAPLARI <\/a><\/p>\n\n\n\n<p class=\"wp-block-paragraph\"><a href=\"https:\/\/sddkaknar.com\/?page_id=26323\" title=\"\">MEB\u0130 DENEME SINAVLARI<\/a><\/p>\n\n\n\n<p class=\"wp-block-paragraph\"><\/p>\n","protected":false},"excerpt":{"rendered":"<p>MATEMAT\u0130\u011eE DA\u0130R HER\u015eEY \u00c7IKMI\u015e LGS SORULARI MEB \u00d6RNEK SORULARI MEB TEMEL E\u011e\u0130T\u0130M K\u0130TAPLARI MEB\u0130 DENEME SINAVLARI<\/p>\n","protected":false},"author":1,"featured_media":0,"parent":0,"menu_order":0,"comment_status":"closed","ping_status":"closed","template":"","meta":{"_crdt_document":"","om_disable_all_campaigns":false,"_uag_custom_page_level_css":"","_monsterinsights_skip_tracking":false,"_monsterinsights_sitenote_active":false,"_monsterinsights_sitenote_note":"","_monsterinsights_sitenote_category":0,"site-sidebar-layout":"default","site-content-layout":"","ast-site-content-layout":"default","site-content-style":"default","site-sidebar-style":"default","ast-global-header-display":"","ast-banner-title-visibility":"","ast-main-header-display":"","ast-hfb-above-header-display":"","ast-hfb-below-header-display":"","ast-hfb-mobile-header-display":"","site-post-title":"disabled","ast-breadcrumbs-content":"","ast-featured-img":"","footer-sml-layout":"","ast-disable-related-posts":"","theme-transparent-header-meta":"","adv-header-id-meta":"","stick-header-meta":"","header-above-stick-meta":"","header-main-stick-meta":"","header-below-stick-meta":"","astra-migrate-meta-layouts":"set","ast-page-background-enabled":"default","ast-page-background-meta":{"desktop":{"background-color":"","background-image":"","background-repeat":"repeat","background-position":"center center","background-size":"auto","background-attachment":"scroll","background-type":"","background-media":"","overlay-type":"","overlay-color":"","overlay-opacity":"","overlay-gradient":""},"tablet":{"background-color":"","background-image":"","background-repeat":"repeat","background-position":"center center","background-size":"auto","background-attachment":"scroll","background-type":"","background-media":"","overlay-type":"","overlay-color":"","overlay-opacity":"","overlay-gradient":""},"mobile":{"background-color":"","background-image":"","background-repeat":"repeat","background-position":"center center","background-size":"auto","background-attachment":"scroll","background-type":"","background-media":"","overlay-type":"","overlay-color":"","overlay-opacity":"","overlay-gradient":""}},"ast-content-background-meta":{"desktop":{"background-color":"var(--ast-global-color-5)","background-image":"","background-repeat":"repeat","background-position":"center center","background-size":"auto","background-attachment":"scroll","background-type":"","background-media":"","overlay-type":"","overlay-color":"","overlay-opacity":"","overlay-gradient":""},"tablet":{"background-color":"var(--ast-global-color-5)","background-image":"","background-repeat":"repeat","background-position":"center center","background-size":"auto","background-attachment":"scroll","background-type":"","background-media":"","overlay-type":"","overlay-color":"","overlay-opacity":"","overlay-gradient":""},"mobile":{"background-color":"var(--ast-global-color-5)","background-image":"","background-repeat":"repeat","background-position":"center center","background-size":"auto","background-attachment":"scroll","background-type":"","background-media":"","overlay-type":"","overlay-color":"","overlay-opacity":"","overlay-gradient":""}},"footnotes":""},"class_list":["post-708","page","type-page","status-publish","hentry"],"aioseo_notices":[],"uagb_featured_image_src":{"full":false,"thumbnail":false,"medium":false,"medium_large":false,"large":false,"1536x1536":false,"2048x2048":false,"masteriyo_single":false,"masteriyo_thumbnail":false,"masteriyo_medium":false,"woocommerce_thumbnail":false,"woocommerce_single":false,"woocommerce_gallery_thumbnail":false},"uagb_author_info":{"display_name":"sddk.aknar","author_link":"https:\/\/sddkaknar.com\/?author=1"},"uagb_comment_info":0,"uagb_excerpt":"MATEMAT\u0130\u011eE DA\u0130R HER\u015eEY \u00c7IKMI\u015e LGS SORULARI MEB \u00d6RNEK SORULARI MEB TEMEL E\u011e\u0130T\u0130M K\u0130TAPLARI MEB\u0130 DENEME SINAVLARI","_links":{"self":[{"href":"https:\/\/sddkaknar.com\/index.php?rest_route=\/wp\/v2\/pages\/708","targetHints":{"allow":["GET"]}}],"collection":[{"href":"https:\/\/sddkaknar.com\/index.php?rest_route=\/wp\/v2\/pages"}],"about":[{"href":"https:\/\/sddkaknar.com\/index.php?rest_route=\/wp\/v2\/types\/page"}],"author":[{"embeddable":true,"href":"https:\/\/sddkaknar.com\/index.php?rest_route=\/wp\/v2\/users\/1"}],"replies":[{"embeddable":true,"href":"https:\/\/sddkaknar.com\/index.php?rest_route=%2Fwp%2Fv2%2Fcomments&post=708"}],"version-history":[{"count":70,"href":"https:\/\/sddkaknar.com\/index.php?rest_route=\/wp\/v2\/pages\/708\/revisions"}],"predecessor-version":[{"id":26331,"href":"https:\/\/sddkaknar.com\/index.php?rest_route=\/wp\/v2\/pages\/708\/revisions\/26331"}],"wp:attachment":[{"href":"https:\/\/sddkaknar.com\/index.php?rest_route=%2Fwp%2Fv2%2Fmedia&parent=708"}],"curies":[{"name":"wp","href":"https:\/\/api.w.org\/{rel}","templated":true}]}}